 154. Let l = -12 - -21. What is the greatest common factor of l and c?
9
Suppose 5*v - 15 = -0. Let j be 4/6 + 187/v. Suppose 4*i - 74 = -2*r, 0*i + 4*r - 1 = -i. Calculate the greatest common factor of j and i.
21
Let f(j) = 14*j**2. Let m = 5 + -12. Let g = m + 8. Let a be f(g). Calculate the greatest common divisor of 112 and a.
14
Let t(n) = -15*n + 32*n + 26*n + 55*n. Let s be t(1). What is the greatest common factor of 14 and s?
14
Let q be ((-68)/20 - 3)*-5. Let z be (-2 + (-1)/(-1))*-8. Calculate the greatest common factor of z and q.
8
Let f be (-6)/4 + 55/10. Let y(r) = r**3 - 6*r**2 + r - 4. Let u be y(6). What is the greatest common divisor of u and f?
2
Let w be 1 + ((-2)/2 - -24). Let n be 125 + 3/6*-10. Calculate the greatest common factor of w and n.
24
Suppose 2*a + 1 = 25. What is the greatest common divisor of 6 and a?
6
Let w be (-2)/8 - 33/(-4). Suppose s + 1 = -l + 8, -2*s + l + 17 = 0. Calculate the highest common factor of s and w.
8
Suppose -2*f = -x - 3, -2*f - 4*x = -2*x - 18. What is the greatest common divisor of f and 1?
1
Suppose 4 = 3*f + 2*u, -5*f - u = 1 - 17. Let a be -1 + (0 - (-54)/3). Suppose -s = -11 - a. Calculate the highest common factor of s and f.
4
Suppose 3*a = 6*a - 2*h - 23, -20 = -4*h. Suppose -a = -4*n + 25. Calculate the greatest common factor of n and 54.
9
Let y(t) = -t**3 + 5*t**2 + 6*t. Let u be y(6). Suppose u*r + 5*r = 150. Calculate the greatest common divisor of r and 12.
6
Let o(v) = -v**3 - 12*v**2 - 11*v + 14. Let z(x) = -6*x + 1. Let a be z(2). Let k be o(a). What is the greatest common factor of k and 28?
14
Let s = 12 - 0. Let a(p) = p + 13. Let y be a(-11). Suppose -v + y + 1 = 0. Calculate the greatest common factor of v and s.
3
Let h be (0 - -2)*(-1)/(-2). Let u be h/((10/(-4))/(-5)). Let m be u/(-5) + (-392)/(-5). Calculate the highest common factor of 13 and m.
13
Let o(l) = l**3 + 5*l**2 - 2. Let i be o(-4). What is the greatest common divisor of i and 21?
7
Let o = 16 + -210. Let a = o - -278. What is the greatest common factor of a and 12?
12
Suppose q = d - 3*d + 274, 0 = 2*d - 5*q - 250. Suppose -23 = -c - 5*p + 15, 28 = 2*c - 2*p. Let h = c + -3. Calculate the highest common divisor of h and d.
15
Suppose 0 = -n + 3*n. Let k be 2 - -10 - (-1 - n). What is the greatest common divisor of 91 and k?
13
Let r = 254 - 147. Suppose 0 = -2*q + 157 + r. Suppose 4*c - 3*c - 43 = -4*t, 3*t = -3*c + 21. What is the highest common divisor of t and q?
12
Let p be 47 + (18/2)/3. Suppose 3*v - 8*v = -p. What is the greatest common factor of 80 and v?
10
Suppose 3*n = -2*n + 3*z + 3, 0 = -3*n + 2*z + 2. Let c = 11 - n. What is the greatest common divisor of 11 and c?
11
Suppose 64 = 4*a - 2*z, 0 = 3*a - 3*z + 1 - 49. Calculate the greatest common factor of a and 2.
2
Let v(s) = 1 - s + 2 + 3*s**3 - 2*s. Let z be v(2). Let g(m) = m**2 - m - 5. Let j be g(-10). What is the highest common divisor of j and z?
21
Suppose 3*b = -9, 4*s = 2*s - 3*b + 39. Calculate the greatest common divisor of s and 3.
3
Suppose 0 = 3*v - 236 + 44. Calculate the highest common factor of v and 16.
16
Let n(w) = w**3 + 13*w**2 - 3*w + 1. Let g be n(-13). What is the greatest common divisor of 10 and g?
10
Let k(w) = w**2 + 18*w - 126. Let y be k(6). Let f be 2*-1*1 - -4. What is the highest common factor of f and y?
2
Let h(l) = l**2 + 6*l + 12. Let n be h(-10). Let s(m) = m**3 - 3*m**2 - m + 1. Let o be s(4). Calculate the greatest common divisor of n and o.
13
Let g be (-2912)/(-40)*(-15)/(-6). What is the highest common divisor of g and 14?
14
Let s = -15 + 24. What is the highest common divisor of s and 9?
9
Suppose 3*i = 9, -3*i + 2*i = 5*m - 3. Suppose m = 2*w - 6 - 8. What is the highest common factor of 35 and w?
7
Let g = -220 - -356. What is the highest common divisor of g and 17?
17
Let x be 31 + -1 - 9/3. What is the highest common divisor of x and 54?
27
Let d = 2 + -1. Let k = 3 - 0. Let a = 4 - k. Calculate the greatest common divisor of a and d.
1
Let s be (-1)/((-32)/30 - -1) + -2. What is the greatest common divisor of 65 and s?
13
Let z be (-6 + 10)*(-594)/(-8). What is the greatest common factor of 33 and z?
33
Let m(o) = -o**2 + 3*o + 4. Let t be m(3). Let r be 4/2 - 4 - 2. Let c = r + 8. Calculate the greatest common factor of t and c.
4
Suppose 4*u - 1 = 3. Suppose u = -j + 19. Let l be ((-2)/(-4))/((-1)/(-36)). Calculate the highest common factor of l and j.
18
Suppose -4*m = 5*s - 26, 6 = -4*m + 3*m + 5*s. Let c be (-6)/m*(-40)/6. Let j = c + 8. Calculate the highest common divisor of 27 and j.
9
Let i(x) = x**3 - 4*x**2 - 7*x + 5. Let g be i(5). Let k be 2/g - (-164)/10. Let q = 203 - 163. What is the greatest common divisor of q and k?
8
Suppose 5*r = l + 65, -3*l + 0*l = -3*r + 51. Let m(g) = g - 9. Let n be m(r). Calculate the greatest common divisor of 24 and n.
3
Suppose m - 40 = -4*m. Suppose -2*x = -4*x + 40. Suppose -x = -u + 12. Calculate the greatest common factor of m and u.
8
Suppose -7 + 24 = 4*q + 3*c, 5*q + 5*c - 15 = 0. Calculate the greatest common factor of q and 1.
1
Let z(h) = -h**3 + 3*h**2 + 5*h + 3. Let n be z(4). Let j(t) = -t**2 - 2*t + 14. Let r be j(0). What is the highest common factor of n and r?
7
Let c = -34 - -66. Calculate the highest common divisor of c and 8.
8
Suppose 2*m + 4*t - 168 = 0, 0 = 4*m - 4*t + 128 - 488. Calculate the highest common factor of m and 22.
22
Suppose 0 = 2*d + d - 78. Suppose -2*m = 3*y - d, 5 = -y + 3. Suppose 8 = 2*o - 8. What is the highest common divisor of o and m?
8
Let g = -68 + 128. Suppose -6 = 5*r + 3*q, 5*r = 2*q - 3*q - 2. Suppose -z + 24 = -r*z. What is the highest common factor of z and g?
12
Let p be 13 + (-4 - -3) + -2. Suppose 6*h - 4*h = -2*v + p, -4*v + 2*h = -8. Calculate the highest common divisor of 33 and v.
3
Let l be 0*(-2)/8*2. Suppose l = -3*h + 12, 4*h - h = z + 3. Let y = 14 + -5. What is the greatest common factor of y and z?
9
Let z be 64 + (2 - -1) + -1. Suppose 0 = f - 4*f + z. Calculate the highest common factor of 2 and f.
2
Suppose 4*n - 6 = 2*p + 26, -3*n + 24 = 4*p. Suppose 0 = n*m - 3*m + a - 1, -m - 15 = 4*a. What is the highest common factor of 9 and m?
1
Let l = -22 + 36. Calculate the highest common divisor of l and 14.
14
Suppose 0 = -j + 10 + 3. Suppose b + b - 144 = 0. Suppose -d + b = 4*n + 14, n + d - j = 0. Calculate the highest common factor of 10 and n.
5
Let d = 10 + -1. Let c = -4 + d. Calculate the greatest common divisor of c and 2.
1
Let m be 10/25 - 26/(-10). Suppose 5*j - 3 = 3*r, 5*r + 2*j = 23 + m. Let z = r - -36. What is the highest common factor of z and 4?
4
Let k(t) = -2*t**3 - 3*t**2 - t - 2. Let d be k(-2). Suppose -d*n + 20 = -40. Calculate the greatest common factor of n and 75.
15
Suppose -2*k + 4*k - 64 = -2*i, 0 = 5*k + i - 152. Suppose k = -2*c + 5*c. What is the greatest common factor of 110 and c?
10
Suppose -3*k - 35 = -p, -k - 35 = -0*p - p. Calculate the greatest common divisor of 5 and p.
5
Let k(u) = -11*u - 1. Let p be k(-1). Calculate the greatest common divisor of 20 and p.
10
Suppose -a - 4*f = -5, 4*a = 2*a - 5*f + 4. Let t be (-3)/a - -1 - -8. What is the greatest common factor of t and 110?
10
Let o(s) = s**2 - 2*s - 16. Let l be o(-4). What is the highest common divisor of l and 24?
8
Suppose -w + 2*w = 32. What is the greatest common divisor of 48 and w?
16
Suppose -5*b + 2*s + 18 = 0, 2*b + 3*s + 2*s + 16 = 0. What is the highest common factor of 22 and b?
2
Suppose 4*q + 168 = 2*i, 0*i - 2*i + 166 = -3*q. Let c = 94 + -78. Calculate the greatest common divisor of c and i.
16
Suppose 5*g + 356 = 3*w, 2*w + w = 6. Let j be 0 + g/((-6)/3). Calculate the greatest common factor of j and 5.
5
Suppose -o + 0*o = -u - 121, -5*u + 109 = o. What is the highest common factor of 17 and o?
17
Suppose -i - 4*s = -51, 0 = i + 3*s - 2*s - 42. Let x = -23 + i. Calculate the highest common factor of 112 and x.
16
Let r be 4 + -7 + (-147)/(-3). Calculate the highest common divisor of 115 and r.
23
Suppose 7*q = 2*q. Let b(x) = -x**2 + 10. Let z be b(q). What is the greatest common factor of 30 and z?
10
Suppose -d + 60 = 3*x, -d + 62 = 4*x - 2. Suppose m = -4*i - i + 2, -2*i + m - 2 = 0. Let c be (0 - -8) + i + 0. Calculate the highest common facto